 43389900.
2, 3, 5, 37, 1303
List the prime factors of 2779344230.
2, 5, 13, 21379571
List the prime factors of 44537591.
7, 23, 29, 9539
List the prime factors of 159548157.
3, 149, 39659
List the prime factors of 681272827.
61, 557, 20051
List the prime factors of 3415568632.
2, 7, 23, 41, 64679
List the prime factors of 135064925.
5, 5402597
List the prime factors of 3666698255.
5, 11, 1601, 41641
List the prime factors of 450080210.
2, 5, 37, 1216433
List the prime factors of 19534566.
2, 3, 3255761
What are the prime factors of 208614768?
2, 3, 4346141
What are the prime factors of 16744226?
2, 653, 12821
List the prime factors of 6304362265.
5, 541, 2330633
What are the prime factors of 305826622?
2, 19, 8048069
What are the prime factors of 472297405?
5, 67, 1409843
What are the prime factors of 54385530?
2, 3, 5, 1812851
List the prime factors of 327011188.
2, 7, 31, 67, 5623
What are the prime factors of 98393661?
3, 10932629
List the prime factors of 1228349682.
2, 3, 7, 701, 13907
List the prime factors of 56172758.
2, 28086379
List the prime factors of 115489635.
3, 5, 1063, 7243
List the prime factors of 707092541.
61, 11591681
List the prime factors of 76380611.
76380611
What are the prime factors of 2936299986?
2, 3, 239, 593, 1151
List the prime factors of 77416394.
2, 11, 347, 10141
List the prime factors of 56792144.
2, 3549509
List the prime factors of 216996984.
2, 3, 3013847
What are the prime factors of 442213271?
47, 1481, 6353
List the prime factors of 43910364.
2, 3, 821, 4457
List the prime factors of 128767223.
13, 101, 971
List the prime factors of 60648261.
3, 20216087
What are the prime factors of 318640249?
318640249
What are the prime factors of 2014973665?
5, 311, 1295803
List the prime factors of 17967935.
5, 3593587
What are the prime factors of 1326523391?
1326523391
What are the prime factors of 82945155?
3, 5, 73, 211, 359
What are the prime factors of 5845446806?
2, 241, 12127483
What are the prime factors of 517612316?
2, 13, 47, 211789
List the prime factors of 64288606.
2, 31, 1036913
What are the prime factors of 1360251635?
5, 31, 337, 26041
List the prime factors of 214352106.
2, 3, 35725351
What are the prime factors of 199749537?
3, 13, 127, 4481
What are the prime factors of 7501801?
7501801
What are the prime factors of 1165034450?
2, 5, 23300689
List the prime factors of 1549046219.
7, 221292317
What are the prime factors of 158214511?
7, 13, 1738621
List the prime factors of 171657081.
3, 19073009
What are the prime factors of 128818034?
2, 64409017
List the prime factors of 4551466496.
2, 37, 240259
What are the prime factors of 2469880332?
2, 3, 79, 868453
What are the prime factors of 5021443?
7, 17, 42197
What are the prime factors of 631126991?
11, 1319, 43499
What are the prime factors of 1316710985?
5, 3469, 75913
What are the prime factors of 128155876?
2, 61, 433, 1213
What are the prime factors of 11016557?
43, 256199
What are the prime factors of 42844937?
42844937
List the prime factors of 427901497.
373, 1147189
List the prime factors of 7855548.
2, 3, 654629
What are the prime factors of 335762624?
2, 73, 71867
List the prime factors of 53104459.
53104459
List the prime factors of 1499985020.
2, 5, 19, 23, 73, 2351
List the prime factors of 5138322784.
2, 7, 109, 389, 541
What are the prime factors of 92542792?
2, 373, 31013
What are the prime factors of 5511358021?
13, 3209, 132113
List the prime factors of 49033494.
2, 3, 449, 6067
What are the prime factors of 939088327?
939088327
List the prime factors of 1966446521.
13, 4481, 33757
List the prime factors of 443648776.
2, 233, 238009
List the prime factors of 282443198.
2, 109, 1295611
What are the prime factors of 25322120?
2, 5, 633053
What are the prime factors of 1761084130?
2, 5, 13, 139, 97459
What are the prime factors of 81791883?
3, 3029329
List the prime factors of 1344723155.
5, 53, 811, 6257
List the prime factors of 510945879.
3, 170315293
What are the prime factors of 327366970?
2, 5, 7, 4676671
What are the prime factors of 100677633?
3, 7, 61, 78593
List the prime factors of 2626008833.
7, 53592017
What are the prime factors of 2792408?
2, 349051
List the prime factors of 247919254.
2, 11, 23, 489959
What are the prime factors of 4177020504?
2, 3, 174042521
What are the prime factors of 504608020?
2, 5, 7, 641, 5623
List the prime factors of 641381630.
2, 5, 31, 2068973
What are the prime factors of 243212592?
2, 3, 7, 47, 15401
List the prime factors of 3982426669.
13, 306340513
What are the prime factors of 301138156?
2, 11, 53, 263, 491
List the prime factors of 440530890.
2, 3, 5, 541, 27143
What are the prime factors of 222659141?
163, 181, 7547
What are the prime factors of 9691185?
3, 5, 7, 92297
List the prime factors of 102948043.
11, 9358913
List the prime factors of 1850405044.
2, 462601261
List the prime factors of 36572107.
11, 13, 103, 191
List the prime factors of 195489614.
2, 97744807
List the prime factors of 148765262.
2, 541, 137491
List the prime factors of 1540826136.
2, 3, 1163, 18401
List the prime factors of 734148232.
2, 593, 154753
List the prime factors of 167691082.
2, 13, 1021, 6317
What are the prime factors of 5267148519?
3, 29, 67, 31159
List the prime factors of 25855240.
2, 5, 29, 31, 719
What are the prime factors of 1561342854?
2, 3, 260223809
List the prime factors of 441772329.
3, 6733, 21871
List the prime factors of 193269456.
2, 3, 29, 15427
List the prime factors of 37637144.
2, 4704643
What are the prime factors of 1090427?
13, 37, 2267
List the prime factors of 942285295.
5, 7, 2347, 11471
What are the prime factors of 809542561?
809542561
What are the prime factors of 725064171?
3, 13, 131, 139, 1021
What are the prime factors of 395952939?
3, 43994771
What are the prime factors of 16649175?
3, 5, 221989
What are the prime factors of 640593440?
2, 5, 4003709
What are the prime factors of 1017205679?
7, 19, 7648163
What are the prime factors of 32446676?
2, 17, 673, 709
What are the prime factors of 71973917?
37, 1367, 1423
What are the prime factors of 251308872?
2, 3, 1163467
What are the prime factors of 10539227?
953, 11059
List the prime factors of 216829250.
2, 5, 11, 37, 2131
List the prime factors of 1077979978.
2, 37, 1301, 11197
List the prime factors of 500038992.
2, 3, 3472493
List the prime factors of 120897465.
3, 5, 13, 619987
List the prime factors of 239129069.
239129069
List the prime factors of 1116800293.
7, 159542899
List the prime factors of 3372245.
5, 674449
What are the prime factors of 10279852?
2, 11, 167, 1399
List the prime factors of 1999602246.
2, 3, 333267041
What are the prime factors of 497598888?
2, 3, 709, 29243
What are the prime factors of 75308841?
3, 41, 127, 1607
What are the prime factors of 78957561?
3, 3659, 7193
What are the prime factors of 261228657?
3, 61, 1427479
What are the prime factors of 76651623?
3, 17, 31, 5387
What are the prime factors of 133215693?
3, 13, 257, 13291
List the prime factors of 7341929765.
5, 10709, 137117
List the prime factors of 9204465162.
2, 3, 53, 28944859
What are the prime factors of 156297104?
2, 353, 27673
What are the prime factors of 47666695?
5, 23, 47, 8819
What are the prime factors of 11312494?
2, 29, 195043
List the prime factors of 187143172.
2, 103, 454231
List the prime factors of 10708949.
907, 11807
What are the prime factors of 698926665?
3, 5, 46595111
List the prime factors of 3176766142.
2, 11, 19, 7599919
List the prime factors of 133398095.
5, 89, 299771
What are the prime factors of 1241409897?
3, 7, 13, 19, 79777
What are the prime factors of 226174131?
3, 25130459
What are the prime factors of 50037733?
3881, 12893
List the prime factors of 126999510.
2, 3, 5, 11, 384847
What are the prime factors of 2315928300?
2, 3, 5, 7, 1102823
What are the prime factors of 87759848?
2, 11, 17, 5333
List the prime factors of 2742741575.
5, 7, 15672809
List the prime factors of 1378217201.
23, 59922487
List the prime factors of 780808507.
780808507
What are the prime factors of 2593394459?
211, 569, 21601
What are the prime factors of 26809306?
2, 17, 23, 34283
List the prime factors of 801403492.
2, 79, 2536087
What are the prime factors of 36167422?
2, 1049, 17239
What a